{"id":185,"date":"2016-08-22T13:45:57","date_gmt":"2016-08-22T13:45:57","guid":{"rendered":"http:\/\/fishmate.rateltech.com\/?page_id=185"},"modified":"2024-03-30T10:15:51","modified_gmt":"2024-03-30T10:15:51","slug":"contacts","status":"publish","type":"page","link":"https:\/\/fishmate.rateltech.com\/index.php\/contacts\/","title":{"rendered":"Contacts"},"content":{"rendered":"<div class=\"wpb-content-wrapper\"><p>[vc_row][vc_column][vc_empty_space height=&#8221;1.2em&#8221;]<div class=\"columns_wrap sc_columns columns_nofluid sc_columns_count_3 margin_top_large\"><div class=\"column-1_3 sc_column_item sc_column_item_1 odd first\" style=\"text-align:center;\"><div class=\"sc_column_item_inner\" style=\"background-color:#f5f5f5;\">[vc_empty_space height=&#8221;0.7em&#8221;]<span class=\"sc_icon icon-home-1 aligncenter margin_top_tiny margin_bottom_null\" style=\"display:block;font-weight:400;font-size:2.857em; line-height: 1em;color:#8bb4cd;\"><\/span>[vc_empty_space height=&#8221;0.65em&#8221;]<h6 class=\"sc_title sc_title_regular sc_align_center margin_top_tiny margin_bottom_null\" style=\"text-align:center;\">Address<\/h6>[vc_empty_space height=&#8221;0.35em&#8221;]<span class=\"sc_highlight\" style=\"font-size:0.857em; line-height: 1em;\"><a href=\"https:\/\/goo.gl\/maps\/C2gq6L1nAA6Brp7n8\">Demerstraat 2 Bus 3 3590<br \/>\nDiepenbeek \/ BELGIUM<\/a><\/span>[vc_empty_space height=&#8221;1.45em&#8221;]<\/div><\/div><div class=\"column-1_3 sc_column_item sc_column_item_2 even\" style=\"text-align:center;\"><div class=\"sc_column_item_inner\" style=\"background-color:#f5f5f5;\">[vc_empty_space height=&#8221;0.7em&#8221;]<span class=\"sc_icon icon-phone-1 aligncenter margin_top_tiny margin_bottom_null\" style=\"display:block;font-weight:400;font-size:2.857em; line-height: 1em;color:#8bb4cd;\"><\/span>[vc_empty_space height=&#8221;0.65em&#8221;]<h6 class=\"sc_title sc_title_regular sc_align_center margin_top_tiny margin_bottom_null\" style=\"text-align:center;\">Phone<\/h6>[vc_empty_space height=&#8221;0.35em&#8221;]<span class=\"sc_highlight\" style=\"font-size:0.857em; line-height: 1em;\"><a href=\"tel:+905304638023\">+32 470 92 75 61<\/a><\/span>[vc_empty_space height=&#8221;3em&#8221;]<\/div><\/div><div class=\"column-1_3 sc_column_item sc_column_item_3 odd\" style=\"text-align:center;\"><div class=\"sc_column_item_inner\" style=\"background-color:#f5f5f5;\">[vc_empty_space height=&#8221;0.7em&#8221;]<span class=\"sc_icon icon-mail aligncenter margin_top_tiny margin_bottom_null\" style=\"display:block;font-weight:400;font-size:2.857em; line-height: 1em;color:#8bb4cd;\"><\/span>[vc_empty_space height=&#8221;0.65em&#8221;]<h6 class=\"sc_title sc_title_regular sc_align_center margin_top_tiny margin_bottom_null\" style=\"text-align:center;\">Email<\/h6>[vc_empty_space height=&#8221;0.35em&#8221;]<span class=\"sc_highlight\" style=\"font-size:0.857em; line-height: 1em;\"><a href=\"mailto:info@fishmatefood.com\">info@fishmate.be<\/a><\/span>[vc_empty_space height=&#8221;3em&#8221;]<\/div><\/div><\/div>[\/vc_column][\/vc_row][vc_row][vc_column]<div class=\"sc_section margin_top_null margin_bottom_null aligncenter column-1_2\"><div class=\"sc_section_inner\"><div class=\"sc_section_content_wrap\">[vc_empty_space height=&#8221;0.8em&#8221;]<h4 class=\"sc_title sc_title_regular\">message<\/h4><h3 class=\"sc_title sc_title_regular margin_top_null\">CONTACT US<\/h3>\n<div class=\"wpcf7 no-js\" id=\"wpcf7-f1348-o1\" lang=\"en-US\" dir=\"ltr\">\n<div class=\"screen-reader-response\"><p role=\"status\" aria-live=\"polite\" aria-atomic=\"true\"><\/p> <ul><\/ul><\/div>\n<form action=\"\/index.php\/wp-json\/wp\/v2\/pages\/185#wpcf7-f1348-o1\" method=\"post\" class=\"wpcf7-form init\" aria-label=\"Contact form\" novalidate=\"novalidate\" data-status=\"init\">\n<div style=\"display: none;\">\n<input type=\"hidden\" name=\"_wpcf7\" value=\"1348\" \/>\n<input type=\"hidden\" name=\"_wpcf7_version\" value=\"5.8.7\" \/>\n<input type=\"hidden\" name=\"_wpcf7_locale\" value=\"en_US\" \/>\n<input type=\"hidden\" name=\"_wpcf7_unit_tag\" value=\"wpcf7-f1348-o1\" \/>\n<input type=\"hidden\" name=\"_wpcf7_container_post\" value=\"0\" \/>\n<input type=\"hidden\" name=\"_wpcf7_posted_data_hash\" value=\"\" \/>\n<\/div>\n<style>\n .itm.row input[type=\"text\"],\n .itm.row input[type=\"tel\"],\n .itm.row input[type=\"email\"],\n textarea {\n width: 100%;\n padding: 10px;\n margin-top: 5px;\n margin-bottom: 15px;\n border: 1px solid #ccc; \/* T\u00fcm \u00e7izgiler i\u00e7in ayn\u0131 renk *\/\n border-radius: 4px;\n box-sizing: border-box;\n }\n \n .itm.row input[type=\"tel\"] {\n margin-right: 5px;\n }\n<\/style>\n<div class=\"flex\">\n\t<div class='itm row'>\n\t\t<p><span class=\"wpcf7-form-control-wrap\" data-name=\"first-name\"><input size=\"40\" class=\"wpcf7-form-control wpcf7-text wpcf7-validates-as-required\" aria-required=\"true\" aria-invalid=\"false\" placeholder=\"NAME*\" value=\"\" type=\"text\" name=\"first-name\" \/><\/span>\n\t\t<\/p>\n\t<\/div>\n\t<div class='itm row'>\n\t\t<p><span class=\"wpcf7-form-control-wrap\" data-name=\"last-name\"><input size=\"40\" class=\"wpcf7-form-control wpcf7-text wpcf7-validates-as-required\" aria-required=\"true\" aria-invalid=\"false\" placeholder=\"LAST NAME*\" value=\"\" type=\"text\" name=\"last-name\" \/><\/span>\n\t\t<\/p>\n\t<\/div>\n<\/div>\n<div class=\"flex\">\n\t<div class='itm row'>\n\t\t<p><span class=\"wpcf7-form-control-wrap\" data-name=\"your-email\"><input size=\"40\" class=\"wpcf7-form-control wpcf7-email wpcf7-validates-as-required wpcf7-text wpcf7-validates-as-email\" aria-required=\"true\" aria-invalid=\"false\" placeholder=\"E MA\u0130L*\" value=\"\" type=\"email\" name=\"your-email\" \/><\/span>\n\t\t<\/p>\n\t<\/div>\n\t<div class='itm row'>\n\t\t<p><span class=\"wpcf7-form-control-wrap\" data-name=\"your-phone\"><input size=\"40\" class=\"wpcf7-form-control wpcf7-tel wpcf7-validates-as-required wpcf7-text wpcf7-validates-as-tel\" aria-required=\"true\" aria-invalid=\"false\" placeholder=\"PHONE NUMBER*\" value=\"\" type=\"tel\" name=\"your-phone\" \/><\/span>\n\t\t<\/p>\n\t<\/div>\n<\/div>\n<div>\n\t<p><span class=\"wpcf7-form-control-wrap\" data-name=\"your-message\"><textarea cols=\"40\" rows=\"10\" class=\"wpcf7-form-control wpcf7-textarea wpcf7-validates-as-required\" aria-required=\"true\" aria-invalid=\"false\" placeholder=\"MESSAGE*\" name=\"your-message\"><\/textarea><\/span>\n\t<\/p>\n<\/div>\n<div class=\"sc_form_field sc_form_field_button sc_form_field_submit\">\n\t<p><input class=\"wpcf7-form-control wpcf7-submit has-spinner\" type=\"submit\" value=\"SUBMIT\" \/>\n\t<\/p>\n<\/div><div class=\"wpcf7-response-output\" aria-hidden=\"true\"><\/div>\n<\/form>\n<\/div>\n[vc_empty_space height=&#8221;4.5em&#8221;][vc_empty_space height=&#8221;1.6em&#8221;]<\/div><\/div><\/div>[\/vc_column][\/vc_row][vc_row full_width=&#8221;stretch_row_content_no_spaces&#8221; inverse=&#8221;yes&#8221;][vc_column]<div id=\"sc_googlemap_58634886\" class=\"sc_googlemap\" style=\"width:100%;height:398px;\" data-zoom=\"12\" data-style=\"inverse\"><iframe src=\"https:\/\/maps.google.com\/maps?t=m&output=embed&iwloc=near&z=12&q=fishmate+BV\" scrolling=\"no\" marginheight=\"0\" marginwidth=\"0\" frameborder=\"0\"\r\n                    aria-label=\"\"><\/iframe><\/div>[\/vc_column][\/vc_row]<\/p>\n<\/div>","protected":false},"excerpt":{"rendered":"<p>[vc_row][vc_column][vc_empty_space height=&#8221;1.2em&#8221;][\/vc_column][\/vc_row][vc_row][vc_column][\/vc_column][\/vc_row][vc_row full_width=&#8221;stretch_row_content_no_spaces&#8221; inverse=&#8221;yes&#8221;][vc_column][\/vc_column][\/vc_row]<\/p>\n","protected":false},"author":1,"featured_media":0,"parent":0,"menu_order":0,"comment_status":"closed","ping_status":"closed","template":"","meta":{"footnotes":""},"class_list":["post-185","page","type-page","status-publish","hentry"],"_links":{"self":[{"href":"https:\/\/fishmate.rateltech.com\/index.php\/wp-json\/wp\/v2\/pages\/185","targetHints":{"allow":["GET"]}}],"collection":[{"href":"https:\/\/fishmate.rateltech.com\/index.php\/wp-json\/wp\/v2\/pages"}],"about":[{"href":"https:\/\/fishmate.rateltech.com\/index.php\/wp-json\/wp\/v2\/types\/page"}],"author":[{"embeddable":true,"href":"https:\/\/fishmate.rateltech.com\/index.php\/wp-json\/wp\/v2\/users\/1"}],"replies":[{"embeddable":true,"href":"https:\/\/fishmate.rateltech.com\/index.php\/wp-json\/wp\/v2\/comments?post=185"}],"version-history":[{"count":5,"href":"https:\/\/fishmate.rateltech.com\/index.php\/wp-json\/wp\/v2\/pages\/185\/revisions"}],"predecessor-version":[{"id":1349,"href":"https:\/\/fishmate.rateltech.com\/index.php\/wp-json\/wp\/v2\/pages\/185\/revisions\/1349"}],"wp:attachment":[{"href":"https:\/\/fishmate.rateltech.com\/index.php\/wp-json\/wp\/v2\/media?parent=185"}],"curies":[{"name":"wp","href":"https:\/\/api.w.org\/{rel}","templated":true}]}}